the greatest common factor of 8 and r?
8
Let m = 21 - -10. Suppose -2*v = -3*d + 121, 5*d = 4*d - 4*v + m. What is the highest common factor of 26 and d?
13
Suppose 0 = -2*g - 3*g + l + 10, 2*l - 10 = 0. Let m(s) = 3*s**2 + 6*s. Let i be m(-4). What is the highest common divisor of i and g?
3
Let y(j) = -j**3 - 16*j**2 - 3*j + 6. Let c be y(-16). Let k = -134 + 64. Let h = 106 + k. What is the greatest common divisor of h and c?
18
Let z(o) = o**3 + 3*o**2 + 6*o - 9. Let d be z(3). What is the highest common divisor of d and 7?
7
Suppose -s = -0*s + 502. Let l = -242 - s. Suppose -4*k - f + l = 0, 5*k - 4*k - 3*f - 52 = 0. Calculate the highest common divisor of 16 and k.
16
Let u be -742*(1 + (-75)/21). Let m be u/14 - (-18)/(-63). Calculate the greatest common divisor of 17 and m.
17
Suppose 3*s - 112 = -43. What is the highest common divisor of s and 161?
23
Let w be -38*1/(2/(-2)). Suppose 20 = 4*x + x. Suppose -5*v - 19 = b, -b = -x*b + 4*v + w. What is the highest common divisor of b and 48?
6
Let p = -30 + 51. Let y = 9 + -14. Let m be (-147)/(-4)*(y - -9). Calculate the highest common factor of p and m.
21
Let j(m) = m**2 - 6*m. Let i be j(10). Calculate the greatest common divisor of 60 and i.
20
Let h = -3 + 3. Suppose 4*v = 5*z + 5, -5*z + z + 12 = h. Calculate the highest common divisor of 10 and v.
5
Let a(x) = x**2 - 18*x + 11. Let r be a(21). What is the highest common divisor of r and 37?
37
Suppose -w = 4*w - 560. Suppose 3*b = 5*i - w, -2*b = 2*i - 11 - 21. Calculate the greatest common divisor of i and 5.
5
Let a be (-3)/(-3)*(1 - 1). Let v = 6 + a. Suppose 3*i = 2*z + 96, -2*z + 3*z = -5*i + 147. Calculate the greatest common divisor of v and i.
6
Suppose -3*y = 2*w - y - 54, -4 = 4*y. What is the highest common factor of w and 224?
28
Let i(d) = 31*d**2 + d. Let b be i(-1). Let u = -7 + 13. Suppose -u*x = -2*x - 300. Calculate the greatest common divisor of x and b.
15
Let u = -125 + 135. Calculate the highest common divisor of 80 and u.
10
Let z = -3 + 4. Let j(i) = -5*i**3 - i + 1. Let g be j(z). Let o = g - -8. Calculate the greatest common factor of o and 1.
1
Suppose -5*m = -22 - 118. Let i(q) = q + 7. Let f be i(-3). Calculate the greatest common divisor of f and m.
4
Suppose 4*o = 2*u + 54, u + 35 - 20 = o. Let w(a) = 34*a**2 - 2*a. Let l be w(2). What is the greatest common divisor of o and l?
12
Suppose -2*b = -0*f - 3*f + 17, 4 = -b. What is the greatest common divisor of f and 9?
3
Let c(q) = 16*q + 12. Let z be c(3). Calculate the highest common divisor of 15 and z.
15
Suppose -4*a = -3*d - 17, 2*a - 3*a = -5*d - 17. Suppose a*y + 23 = 3*f, -f - y = -4*y + 4. What is the highest common factor of 77 and f?
11
Let g(u) = -9*u - 6. Let l be g(-6). Suppose -p - l = -3*p. Suppose 4*o - o = 48. What is the greatest common factor of o and p?
8
Suppose 3*q = q + 20. Let f be (56/q)/((-6)/(-15)). Calculate the greatest common divisor of f and 14.
14
Let w(l) = -2 - 4*l - l**2 + 3 + 0. Let o be w(-4). Let p be (-2 + o)*-7*10. Calculate the highest common divisor of p and 14.
14
Suppose 0 = k + 2, 4*k = -2*o + k + 2. What is the greatest common factor of 6 and o?
2
Let r(q) = 2*q - 7. Let k(p) = -3*p + 14. Let y = -3 - -5. Let z(l) = y*k(l) + 5*r(l). Let i be z(7). What is the greatest common divisor of i and 14?
7
Suppose -4*o - 77 + 429 = 0. Let a = -11 - -19. Calculate the highest common factor of a and o.
8
Let n = -98 - -169. Suppose -y + 99 = -t, -2*y + 269 = 3*t + n. What is the highest common divisor of 9 and y?
9
Suppose 4*l + 3*s - 8 = 0, 0 = -5*l - 2*s + 3*s + 10. Suppose -4*v + 68 = -l*q, -2*q - 39 + 123 = 4*v. Calculate the greatest common divisor of v and 19.
19
Let q(u) = -u - 4. Let b be q(-7). Let s = b + 2. Suppose -4*f + k = -k - 46, 15 = -s*k. What is the greatest common factor of 2 and f?
2
Suppose 3*d - 84 = -3*d. Calculate the highest common divisor of 14 and d.
14
Let p = -39 + 28. Let o = 19 + p. What is the highest common divisor of o and 4?
4
Let l = -59 + 150. What is the greatest common factor of l and 26?
13
Let y(k) = 40*k - 31. Let g be y(6). What is the highest common factor of 19 and g?
19
Suppose -5*h + 758 = -3*n, -5*n + 89 = -5*h + 839. Suppose -1 - 1 = 2*p. Let f be (p/2)/(8/(-224)). What is the greatest common factor of f and h?
14
Let c(f) = -f**3 + 8*f**2 - 7*f. Let q be c(7). Suppose q*v - 3*v - t + 13 = 0, -5*v + 4*t + 33 = 0. What is the greatest common divisor of v and 45?
5
Let z(f) = -30*f - 2. Let y be z(-2). Let p be 80/(-3) - (-8)/12. Let s = p + y. Calculate the highest common factor of s and 80.
16
Let k(b) = -b**2 - 4*b + 3. Let v be k(-3). Let z = -8 - -5. Let x be 4*-1*z/2. Calculate the greatest common divisor of v and x.
6
Suppose -q - 40 = -5*q. Let c(p) be the first derivative of -p**3/3 + 5*p**2 + 3*p - 3. Let v be c(q). What is the greatest common divisor of v and 21?
3
Suppose -2*c - 52 = 2*c. Suppose -5*t - 5*i - 39 = -99, 3*i = -2*t + 28. Let u = t - c. Calculate the highest common factor of u and 3.
3
Let u be (-2)/((-5)/((-5)/2)). Let l be u - -33 - (-2)/(-2). Let c = l - 17. What is the highest common divisor of c and 126?
14
Suppose -4*u - a - 67 - 79 = 0, 2*u - 3*a = -80. Let p = 65 + u. What is the highest common divisor of p and 4?
4
Suppose 3*b = -0*b. Suppose b = -j + y + 14 + 9, 2*j = -4*y + 28. Calculate the highest common factor of j and 50.
10
Let d = -228 - -349. Suppose -5*t + 2*k = -930, 0 = 3*t + 4*k - d - 437. What is the highest common divisor of t and 31?
31
Suppose 17 = -3*d + x + x, 0 = -d + 4*x - 19. Let q = d + 7. Let i(o) = o**2 - 7*o + 8. Let v be i(6). What is the highest common divisor of v and q?
2
Suppose -3*k = 2*g + k - 22, -4*k = -8. Calculate the highest common factor of 7 and g.
7
Let i(v) be the first derivative of -v**2 - 5*v - 2. Let w be i(-4). Suppose -s - 3*s = 5*o - 48, 2*s = -6. Calculate the greatest common divisor of w and o.
3
Suppose 0 = -2*t - x + 7, -5*t + 4*x = 35 - 85. What is the greatest common divisor of t and 54?
6
Let n be 0 - (-12)/(-3 - -2). Let r = 19 + n. Calculate the greatest common factor of 49 and r.
7
Let z = -429 - -200. Let c = -103 - z. Calculate the highest common factor of c and 14.
14
Suppose y - n - 18 = 0, -5*y + 0*n + 50 = 3*n. Suppose -13 - 7 = 4*b. Let w(f) = -f**3 - 4*f - 2. Let j be w(b). What is the highest common divisor of y and j?
13
Suppose 8*j - w - 25 = 3*j, -j - 3*w = -5. Suppose j*x - 28 = x. Suppose 0*c + c = x. Calculate the greatest common divisor of c and 56.
7
Let r be (-4)/(-10) - 159/(-15). Calculate the greatest common factor of r and 2.
1
Let l = 23 - 4. Let p be l/(-1)*-3 - 1. Calculate the greatest common factor of 7 and p.
7
Suppose q = 72 + 3. Calculate the greatest common factor of 15 and q.
15
Let t(j) = j**2 + 3*j + 4. Let w be t(-3). Suppose -2*n + 2*l + 70 = 0, 2*n - 7*n + 166 = -2*l. Calculate the greatest common factor of w and n.
4
Let x = 323 - 181. Let j be (-1)/(-3) - x/(-6). What is the greatest common factor of 6 and j?
6
Suppose 0 = 3*w - 42 - 3. Let l(q) = -q - 4. Let f be l(-7). Calculate the greatest common factor of f and w.
3
Let k(q) = -2*q**3 + 3*q**2 + 3*q. Let m be k(-3). Calculate the greatest common divisor of m and 9.
9
Let o(i) = 4*i - 4. Let d be o(7). Suppose t - 14 = -3*v - 0*v, 4*t + 5*v = 35. Let f be (-17 - -2)*(-4)/t. What is the highest common divisor of f and d?
12
Suppose -2*j + 22 = -4*d, 0 = 2*j - j - 4*d - 17. What is the highest common divisor of j and 40?
5
Let o = -14 + 8. Suppose 0 = c - 3*c + m + 36, -c + 25 = 3*m. Let x = c + o. Calculate the highest common divisor of x and 117.
13
Let r = 1 - 1. Let f = r - 1. Let z be (-2)/(f/16*2). What is the greatest common factor of z and 80?
16
Suppose 728 = 3*p + 4*p. Suppose 2*m - 3*d - 33 = 83, 3*d - p = -2*m. Suppose 0 = -5*a + 53 + 2. What is the highest common factor of m and a?
11
Let m = 74 + -54. Calculate the highest common divisor of 70 and m.
10
Let r be (-1016)/(-24) - (-2)/(-6). Let m be (-4)/(-14) + 2088/r. Calculate the highest common divisor of 10 and m.
10
Let i(o) = -o + 6. Let u be i(0). Calculate the greatest common divisor of 12 and u.
6
Let h be ((-1)/((-2)/3))/((-9)/(-30)). What is the highest common factor of h and 55?
5
Let z(t) = t**2 - 5*t + 6